) is divided by 6?
4
Suppose -17*d + 925 = -d + 21*d. What is the remainder when 43 is divided by d?
18
Let j = 80 - 149. Let r = -52 - j. Let f(u) = u - 1. Calculate the remainder when r is divided by f(5).
1
Let g be (1*3)/((-2)/(-2)). Suppose -5*a + 191 = 3*j + 2, -g*a = 0. Let x(d) = 156*d - 444. Calculate the remainder when j is divided by x(3).
15
Suppose -11*j + 17*j = 198. Suppose 27 + 15 = 2*g. Let h = -12 + g. What is the remainder when j is divided by h?
6
Suppose 0 = -35*c + 16*c + 10*c + 32337. Calculate the remainder when c is divided by 225.
218
Suppose 52*h + 473 = 51*h. Let c = h + 522. Calculate the remainder when c is divided by 4.
1
Let v(l) = -7*l + 1. Let q(b) = b**2 - 2*b - 1. Suppose 3*m + 16 = 22. Let w be q(m). What is the remainder when 30 is divided by v(w)?
6
Let v(w) = -3*w**3 + 16*w**2 - 27*w + 136. Calculate the remainder when 186 is divided by v(5).
4
Let k(h) = 35*h + 42. Let x(n) = -18*n - 21. Let t(b) = -3*k(b) - 5*x(b). Suppose 0 = 42*m + 672 - 1890. What is the remainder when t(-9) is divided by m?
27
Let t(b) = -119*b + 339. Calculate the remainder when 797 is divided by t(1).
137
Let w(q) = 10*q**2 - 86*q + 1065. What is the remainder when w(18) is divided by 138?
135
Let o = -4181 + 4198. Suppose 5*x - 21 = -2*a + 390, -66 = -x + 5*a. What is the remainder when x is divided by o?
13
Suppose -3*f + 23 - 248 = 0. Let s be (5/(f/27))/((-6)/20). Suppose -s*g + 175 = 49. What is the remainder when 54 is divided by g?
12
Suppose 32 = 3*a + 5. Let h(u) be the first derivative of u**4/4 + 8*u**3/3 - 9*u**2/2 + 6*u + 13. What is the remainder when a is divided by h(-9)?
3
Let l(p) = 6*p - 4. Let k be l(1). Let v(x) = 5*x**3 + 2*x**2 + 6*x - 10. Let u(t) = -9*t + 26. What is the remainder when u(-8) is divided by v(k)?
48
Calculate the remainder when (-725)/2*((-36)/7)/(80/112) is divided by 77.
69
Let k = 1035 - 1031. Let h be 7 + -4 + (0 - -2). Let x(l) = l**3 - 5*l**2 + 3*l. Calculate the remainder when x(h) is divided by k.
3
Suppose 6*q + 4 = -14. Let m(b) = 20*b + 27. Let y(w) = -10*w - 14. Let v(l) = q*m(l) - 5*y(l). Calculate the remainder when v(-7) is divided by 30.
29
Suppose -5*q + 2*q - 18 = 0. Let o(v) = 2*v**2 - 9*v - 9. Let w = -86567 - -86591. Calculate the remainder when o(q) is divided by w.
21
Suppose -3*z = 2*x + 2*z + 179, -5*x = -3*z + 401. Let p = x + 167. Calculate the remainder when p is divided by -15 + 13 - 8 - (-27 + -13).
25
Let i(v) = 7*v**3 - v**2 - 8*v - 1. Let k be i(-3). Let l = -154 - k. What is the remainder when 124 is divided by l?
19
Let l(q) = -4*q + 40. Let f(b) = -3. Let x(p) = -4*f(p) + l(p). Calculate the remainder when 113 is divided by x(7).
17
Let o = -79 + 81. Suppose -15*x - o*x + 255 = 0. Calculate the remainder when 80 is divided by x.
5
Let q(f) = -16*f - 54. Let w(a) = 16*a**3 - a**2 + a + 3. Let v = 60 - 58. What is the remainder when w(v) is divided by q(-5)?
25
Let r = 207 - 118. Calculate the remainder when r is divided by 3/(-24) - (-249)/8.
27
Let x(t) = t**3 - 10*t**2 + 10*t - 8. Calculate the remainder when x(10) is divided by (-64)/(4/(7 - 9)).
28
Let i(g) = g**3 + 44*g**2 + 120*g + 10. What is the remainder when 1595 is divided by i(-41)?
132
What is the remainder when 289 is divided by (-6)/(-12)*-35*(-408)/34?
79
Suppose -2*k = k + 3*i - 825, -k - 4*i + 263 = 0. Let s = 287 - k. What is the remainder when 62 is divided by s?
6
Suppose 2*u - 21 - 9 = 0. Let v(f) = 2*f**3 - 6*f**2 - 56*f + 283. Calculate the remainder when v(5) is divided by u.
13
Suppose -g - 3*h = -18, -3*g = -g - 5*h + 8. Suppose g*a + 20 = 10*a. What is the remainder when (46/3)/((-12)/(-18)) is divided by a?
3
Let x(w) = 7*w**2 - 2*w - 2. Let t be x(-1). What is the remainder when 50 is divided by (t - (-22)/(-3))/(1/(-39))?
11
What is the remainder when 293 is divided by (-5)/(-280)*296*14?
71
Let m = -42 - -153. Let x = 126 - m. Calculate the remainder when 57 is divided by x.
12
Suppose 2*h - 5*z + 2 = -3*z, 0 = -2*h + z - 4. Let m(v) = 15*v - 1. Let x be m(h). Let o = 75 + x. Calculate the remainder when 114 is divided by o.
27
Suppose 3*z - 18 = 5*h - 6*h, 0 = 2*h + z - 11. Suppose -3*p = -h*t - 165, -5*p - 6*t + 281 = -9*t. Calculate the remainder when 110 is divided by p.
52
Let w = 572 + -575. What is the remainder when 262/6 - 1/(-3) is divided by (62/(-4) + 2)/(w/2)?
8
Let m(i) = -4*i**2 + i - 2. Let p be m(0). What is the remainder when -1 + p/(-9) + (-4092)/(-54) is divided by (7/(-14))/(2/(-44))?
9
Let j(z) = 6*z**2 + 137*z - 133. Calculate the remainder when j(-27) is divided by 207.
128
Let j(m) = -145 - 149*m - 146*m + 313*m + 46. What is the remainder when 25 is divided by j(6)?
7
Suppose 0 = -120*p + 118*p + 684. Let r = -333 + p. Let s = -2 - -3. Calculate the remainder when r is divided by s.
0
Let t be 3782/16 - (-33)/(-88). Suppose t = j + j. What is the remainder when j is divided by 6?
4
Let r(z) = -36*z**3 + z**2 - 51*z - 51. What is the remainder when r(-1) is divided by (30/(-20))/((-1)/2)?
1
Suppose 99 = d + 2*d. Let b = 1211 + -1237. Let h = b + d. What is the remainder when 26 is divided by h?
5
Let z(g) = -6*g - 362. Let n be 3 + 1 + -3 - 13. Let u = 20 + n. What is the remainder when z(-69) is divided by u?
4
Suppose 2*g - 1592 = -2*g. Suppose 4*m - 32 = 2*h + 168, -2*m - h = -100. Calculate the remainder when g is divided by m.
48
Let s(d) = 9*d - 29. Suppose -3*h = -38 - 70. Suppose -h = -18*q + 12*q. Calculate the remainder when s(q) is divided by 12.
1
Let v be -4*(-7)/42*-24. Suppose 0*q = -3*q + 114. Let w = q + v. What is the remainder when w is divided by 9?
4
Suppose 28*a = 8*a + 420. Suppose 5*d + a = -4*r + 108, -5*r = -d. What is the remainder when 64 is divided by d?
4
Suppose 0 = -39*a - 9804 + 17994. What is the remainder when 3568 is divided by a?
208
Suppose 241*d = 196760 + 146791 - 47121. What is the remainder when d is divided by 408?
6
Suppose 4*d = 3*g + 23 + 56, -2*g = -6. What is the remainder when d is divided by 13/((14/3 + -5)*-3)?
9
Let r be 7 - (-7 + 7) - 0. Suppose j - 5*q + r*q - 63 = 0, 5*j = q + 315. Calculate the remainder when j is divided by 32.
31
Let q be 2192/(-6) + 8/(-168)*-7. Let p = 488 + q. Calculate the remainder when p is divided by 25.
23
Let q = 7322 + -7206. What is the remainder when 2781 is divided by q?
113
Let r(t) = -4*t**2 + 16 + 14 - 43*t + 4*t + 2 - 17. Calculate the remainder when r(-8) is divided by (3/(-2))/((-1)/10).
11
Let s = 294 + -239. Let q(g) = -g**2 - 31*g + 9. What is the remainder when q(-21) is divided by s?
54
Let u(a) = 50*a + 755. Calculate the remainder when 27 is divided by u(-15).
2
Suppose 4*r - 3 = 5*r, -4*h + 2*r - 26 = 0. Calculate the remainder when (h + 5)/(3/(-33)) is divided by 21.
12
Suppose -2*q + 366 = 5*a, -22*a + 17*a + 2*q + 374 = 0. Calculate the remainder when 374 is divided by a.
4
Suppose 5*x - 3*j = 133, 22*j - 151 = -6*x + 17*j. What is the remainder when 36 is divided by x?
10
Suppose 15 = 3*c, 3*y + 4*c = 124 + 112. What is the remainder when 1232 is divided by y?
8
Suppose 76 - 16 = 4*o. Suppose -11*f = -16*f + o. Let z = -2 - -15. What is the remainder when z is divided by f?
1
Let q(g) = -2*g + 81. Let u be q(31). Suppose -u*j + 25*j - 522 = 0. What is the remainder when 167 is divided by j?
80
Suppose 42302 - 43094 = -12*a. Calculate the remainder when 3759 is divided by a.
63
Suppose 2*f - 142 = -2*d, -2*f - 21*d + 24*d = -202. Suppose j - 32 = -2*m, -5*m = -3*j + 8 + 44. What is the remainder when f is divided by j?
11
Let b(q) = 4*q**3 - 33*q + 56. Calculate the remainder when b(11) is divided by 26.
25
Let p be (-13)/(-2) + 3/2. Let a(z) = 25 + p + z - 4 + z. Calculate the remainder when a(0) is divided by 6.
5
Suppose -4*r - 2*p + 156 = 0, 3*r + 26*p - 122 = 22*p. Calculate the remainder when 1101 is divided by r.
37
Let w(x) = 77*x - 27. Let n be w(8). What is the remainder when n/(-95)*-5*1 is divided by 5?
1
Suppose c + 296 = 4*a, -4*a + 423 = c + 127. Suppose -509*j + 500*j + 135 = 0. What is the remainder when a is divided by j?
14
Let o = -9 + 12. Suppose -c = -0*c - 3*i + 7, -o*c - 5*i = -21. Suppose m - 3*m = -c*k - 24, k - 68 = -4*m. What is the remainder when 29 is divided by m?
13
Suppose j + 3*o = -1, -3*o + 15 = -j + 4*j. S